y 57.
13
What is the remainder when 315 is divided by 40?
35
Calculate the remainder when 386 is divided by 34.
12
What is the remainder when 1952 is divided by 40?
32
What is the remainder when 148 is divided by 38?
34
What is the remainder when 1034 is divided by 334?
32
What is the remainder when 2628 is divided by 94?
90
Calculate the remainder when 319 is divided by 16.
15
What is the remainder when 3787 is divided by 945?
7
Calculate the remainder when 479 is divided by 56.
31
What is the remainder when 158 is divided by 65?
28
Calculate the remainder when 114 is divided by 9.
6
What is the remainder when 6490 is divided by 6489?
1
What is the remainder when 280 is divided by 81?
37
What is the remainder when 4228 is divided by 1055?
8
Calculate the remainder when 627 is divided by 40.
27
What is the remainder when 298 is divided by 133?
32
What is the remainder when 1081 is divided by 51?
10
Calculate the remainder when 70 is divided by 19.
13
Calculate the remainder when 990 is divided by 125.
115
What is the remainder when 360 is divided by 176?
8
What is the remainder when 146 is divided by 47?
5
What is the remainder when 147 is divided by 25?
22
What is the remainder when 236 is divided by 48?
44
Calculate the remainder when 937 is divided by 59.
52
Calculate the remainder when 124 is divided by 36.
16
What is the remainder when 247 is divided by 50?
47
Calculate the remainder when 1198 is divided by 40.
38
What is the remainder when 112 is divided by 29?
25
What is the remainder when 4650 is divided by 63?
51
Calculate the remainder when 383 is divided by 34.
9
What is the remainder when 101 is divided by 6?
5
What is the remainder when 437 is divided by 70?
17
What is the remainder when 740 is divided by 33?
14
Calculate the remainder when 158 is divided by 104.
54
Calculate the remainder when 27 is divided by 9.
0
Calculate the remainder when 1384 is divided by 14.
12
Calculate the remainder when 193 is divided by 102.
91
Calculate the remainder when 1296 is divided by 144.
0
Calculate the remainder when 210 is divided by 122.
88
What is the remainder when 267 is divided by 54?
51
Calculate the remainder when 827 is divided by 22.
13
Calculate the remainder when 2813 is divided by 22.
19
Calculate the remainder when 102 is divided by 12.
6
What is the remainder when 292 is divided by 14?
12
Calculate the remainder when 503 is divided by 21.
20
Calculate the remainder when 143 is divided by 59.
25
What is the remainder when 1357 is divided by 151?
149
What is the remainder when 599 is divided by 75?
74
What is the remainder when 295 is divided by 50?
45
Calculate the remainder when 1423 is divided by 469.
16
What is the remainder when 6884 is divided by 12?
8
What is the remainder when 608 is divided by 253?
102
Calculate the remainder when 1326 is divided by 199.
132
Calculate the remainder when 9312 is divided by 67.
66
Calculate the remainder when 2145 is divided by 363.
330
What is the remainder when 59 is divided by 12?
11
Calculate the remainder when 38 is divided by 2.
0
What is the remainder when 1339 is divided by 358?
265
Calculate the remainder when 1737 is divided by 11.
10
What is the remainder when 44 is divided by 39?
5
What is the remainder when 129 is divided by 67?
62
Calculate the remainder when 55 is divided by 25.
5
Calculate the remainder when 343 is divided by 24.
7
Calculate the remainder when 88 is divided by 58.
30
Calculate the remainder when 112 is divided by 36.
4
What is the remainder when 353 is divided by 18?
11
What is the remainder when 270 is divided by 7?
4
What is the remainder when 11132 is divided by 38?
36
Calculate the remainder when 4384 is divided by 17.
15
Calculate the remainder when 331 is divided by 105.
16
What is the remainder when 81 is divided by 41?
40
What is the remainder when 4218 is divided by 1405?
3
Calculate the remainder when 407 is divided by 137.
133
What is the remainder when 188 is divided by 97?
91
What is the remainder when 2599 is divided by 26?
25
What is the remainder when 63 is divided by 26?
11
Calculate the remainder when 1018 is divided by 12.
10
Calculate the remainder when 80 is divided by 42.
38
What is the remainder when 315 is divided by 82?
69
Calculate the remainder when 589 is divided by 74.
71
Calculate the remainder when 151 is divided by 14.
11
What is the remainder when 208 is divided by 21?
19
What is the remainder when 151 is divided by 26?
21
Calculate the remainder when 235 is divided by 189.
46
Calculate the remainder when 1141 is divided by 46.
37
What is the remainder when 1368 is divided by 456?
0
What is the remainder when 657 is divided by 52?
33
What is the remainder when 148 is divided by 75?
73
What is the remainder when 2164 is divided by 73?
47
Calculate the remainder when 480 is divided by 69.
66
What is the remainder when 290 is divided by 74?
68
What is the remainder when 49 is divided by 5?
4
What is the remainder when 12825 is divided by 11?
10
What is the remainder when 613 is divided by 199?
16
What is the remainder when 6025 is divided by 5?
0
Calculate the remainder when 306 is divided by 45.
36
What is the remainder when 4560 is divided by 169?
166
What is the remainder when 322 is divided by 170?
152
Calculate the remainder when 145 is divided by 52.
41
What is the remainder when 381 is divided by 88?
29
What is the remainder when 205 is divided by 3?
1
What is the remainder when 430 is divided by 54?
52
Calculate the remainder when 531 is divided by 60.
51
What is the remainder when 13194 is divided by 65?
64
Calculate the remainder when 3901 is divided by 16.
13
Calculate the remainder when 222 is divided by 48.
30
What is the remainder when 592 is divided by 20?
12
What is the remainder when 655 is divided by 66?
61
What is the remainder when 71 is divided by 33?
5
What is the remainder when 116 is divided by 6?
2
Calculate the remainder when 1042 is divided by 342.
16
What is the remainder when 20 is divided by 12?
8
Calculate the remainder when 1166 is divided by 384.
14
Calculate the remainder when 89 is divided by 29.
2
What is the remainder when 4612 is divided by 26?
10
What is the remainder when 299 is divided by 3?
2
What is the remainder when 2194 is divided by 183?
181
Calculate the remainder when 122 is divided by 18.
14
Calculate the remainder when 613 is divided by 56.
53
What is the remainder when 282 is divided by 24?
18
Calculate the remainder when 218 is divided by 109.
0
Calculate the remainder when 178 is divided by 16.
2
What is the remainder when 5158 is divided by 15?
13
What is the remainder when 233 is divided by 85?
63
Calculate the remainder when 150 is divided by 57.
36
Calculate the remainder when 873 is divided by 346.
181
What is the remainder when 424 is divided by 87?
76
What is the remainder when 5471 is divided by 72?
71
Calculate the remainder when 1275 is divided by 11.
10
Calculate the remainder when 39147 is divided by 15.
12
What is the remainder when 1024 is divided by 147?
142
What is the remainder when 433 is divided by 73?
68
What is the remainder when 1772 is divided by 15?
2
What is the remainder when 5198 is divided by 40?
38
What is the remainder when 1007 is divided by 38?
19
Calculate the remainder when 53 is divided by 42.
11
What is the remainder when 1884 is divided by 236?
232
Calculate the remainder when 181 is divided by 31.
26
What is the remainder when 907 is divided by 180?
7
Calculate the remainder when 11069 is divided by 54.
53
What is the remainder when 175 is divided by 67?
41
Calculate the remainder when 951 is divided by 95.
1
Calculate the remainder when 5073 is divided by 18.
15
What is the remainder when 548 is divided by 95?
73
Calculate the remainder when 25120 is divided by 53.
51
Calculate the remainder when 138 is divided by 39.
21
What is the remainder when 1555 is divided by 103?
10
Calculate the remainder when 1155 is divided by 17.
16
What is the remainder when 15706 is divided by 34?
32
What is the remainder when 329 is divided by 12?
5
Calculate the remainder when 114 is divided by 29.
27
Calculate the remainder when 144 is divided by 27.
9
Calculate the remainder when 174 is divided by 35.
34
What is the remainder when 204 is divided 